k) = 118*k**2 + 36*k + 331. Is x(-10) a prime number?
False
Let o(b) = b**3 - 12*b**2 - 13*b + 6. Let q be o(13). Suppose -r + 3*l = 3*r - 8, -2*l = -2*r + q. Is 38 + 0 - (r + 2) prime?
True
Suppose 47*c - 323038 = 600277. Is c composite?
True
Let c = 88 - 86. Suppose -780 = -c*s + u, -u + 0 = -2. Is s a composite number?
True
Let l = -13853 + 21474. Is l a prime number?
True
Let o(z) be the second derivative of -1/2*z**3 + 0 + 1/2*z**4 - 4*z - z**2. Is o(3) prime?
True
Let h be -7 + 5 + (-1 - 1). Let q be 6/h*-1*-2. Let f(n) = -14*n - 4. Is f(q) a prime number?
False
Let i be (6 - -1)/(3/33). Let q be 2/(-11) + 4634/i. Let w = q + -23. Is w a prime number?
True
Let d(g) be the first derivative of 265*g**4/4 - g**3/3 + g**2/2 + 1. Let c = -3 + 4. Is d(c) composite?
True
Suppose 0 = -2*r - r + 5859. Suppose -6*y + 12759 - r = 0. Is y prime?
True
Let i(x) = 2*x - 1. Let m be i(6). Is -15*-3*m - -4 prime?
True
Let g be 2/((-8)/2) + 218424/48. Let n = 933 + g. Is n a composite number?
False
Let w = 9 + 22. Let g = w - 21. Is -4 + 1 - (-2080)/g composite?
True
Suppose -s - 3 = 0, b = 5*s + 20 - 3. Suppose 0*f + b*f - 164 = 0. Let a = 21 + f. Is a prime?
True
Let k(c) = -c + 13. Let l be (-2 - 1)/(7/(-14)). Let n be k(l). Suppose 3*t - 172 = -4*p, -4*p + 157 = 5*t - n. Is p prime?
False
Let g = 2653 + -946. Is g a prime number?
False
Is (291 - -1) + 6 - 5 prime?
True
Let g be (-51)/85 - 98/(-5). Suppose -13*w + g*w - 2010 = 0. Is w prime?
False
Suppose h + h = 38. Let s = h - 16. Suppose 9 - 678 = -s*z. Is z a composite number?
False
Suppose 2*m = 4*m + 4, -4*g - m = -27530. Is g composite?
False
Let w = 2341 + -1335. Suppose -8*t + w = -1770. Is t a composite number?
False
Let w = -8 - -13. Suppose 6291 = w*t - 0*t - m, -5*t - 2*m + 6303 = 0. Is t composite?
False
Let p = -173 - -304. Suppose -2*f - f + p = 5*g, 2*g - 50 = -2*f. Let n = g - 17. Is n a prime number?
True
Suppose 12 = 3*x - 3. Is ((-4)/(-8))/(x/1310) prime?
True
Let n(z) = -111*z - 20. Let k be n(-12). Let a = k + 1737. Is a prime?
True
Let y = 18478 - 12421. Suppose 17*n - 8*n = y. Is n prime?
True
Suppose -15 + 9 = -2*g. Suppose -4*j - 457 = -7*j + 5*i, g*i - 143 = -j. Is j a composite number?
False
Let m(p) = p**3 - 13*p**2 - 6*p + 30. Suppose -3 - 7 = -c + 2*t, 4*t = 5*c - 62. Is m(c) composite?
True
Suppose -z + t = 196, 3*z - 199 + 789 = 2*t. Let m = z - -407. Is m prime?
False
Let q(c) = 212*c**2 + 15*c - 16. Is q(9) a composite number?
False
Let s(c) = 109*c - 7. Let p be s(7). Suppose -5*v + p = 3*u, -u + 5*v + 1043 = 3*u. Is u prime?
True
Let j(s) = 112*s**2 + 30*s + 7. Is j(6) prime?
True
Let o(v) = 46*v**2 + 7*v - 25. Is o(14) a prime number?
False
Suppose 100*t + 2 = 102*t. Is (-599 + (3 - t))*7/(-21) composite?
False
Suppose -63268 = 5*n - 212503. Is n a composite number?
True
Let b(v) = 2*v + 2. Let p be b(2). Suppose -2*x = -p*j + j - 2282, 3*j + 2290 = 2*x. Is x a composite number?
False
Suppose 0*d + 4272 = 4*d. Is 20/(-6)*d/(-8) a composite number?
True
Let m = -21 - -20. Suppose 5*z + 4*i + 581 = 0, -3*z - i = -z + 230. Is (-3)/((m/z)/(-1)) composite?
True
Let m = -1 - -13. Let a be (m/7)/((-12)/(-1722)). Is -3 + 2 + a + 2 a composite number?
True
Suppose -h = -3*h - 6. Let j(f) = -14*f**3 - 2*f + 7. Is j(h) prime?
False
Suppose -163154 = -9*g + 33667. Is g a composite number?
True
Let c(a) = 57*a - 3. Suppose 3*j - 15 + 9 = 0. Is c(j) prime?
False
Let t(i) = 2*i + 7. Let m be t(-10). Let z(n) = n**2 - 6*n - 11. Let f be z(m). Suppose 0 = 3*u - 5*y - 353, 0 = 4*u - 2*u - 3*y - f. Is u a prime number?
False
Let z = -7 - -12. Let x(g) = -g**3 + 6*g**2 + 2*g - 7. Let r be x(z). Let q = -9 + r. Is q a composite number?
False
Is (18655 + 3 + 3)/(4 - 3) a composite number?
False
Let c be (-18)/(-3)*(-116)/(-12). Let s = c + -44. Is s composite?
True
Suppose 43 = 5*b - 3*v + 6*v, -2*v - 8 = 0. Let d be 14/(-21) + (-34)/(-6). Suppose 2*r + 3*r = -j - b, -r - d = 0. Is j a composite number?
True
Let v = -120 + 55. Let f = -22 - v. Is f prime?
True
Suppose 0*j + 3 = -j. Let z = j + 6. Suppose -2*q + 61 = -2*p + 9, z*q - 70 = -5*p. Is q a prime number?
False
Let i(n) = 28*n - 100. Let b be i(9). Let u = 290 - 56. Let o = u - b. Is o a prime number?
False
Let o be (-1*2)/1*-815. Suppose 5*r + 5359 = 3*n, -1081 = r + 33*n - 29*n. Let b = r + o. Is b composite?
False
Let b(i) = i + 62. Let s = -11 - -11. Let g be b(s). Suppose m = 33 + g. Is m prime?
False
Suppose -3*j + 28021 = n + 3*n, -4*j = 3*n - 21007. Is n composite?
True
Is 1/((-6 + 0)/(-16890)) a prime number?
False
Let q be (-1)/(104/(-106) + 1). Let s = q + 131. Suppose 179 = d - s. Is d a prime number?
True
Let f = 4231 - -8658. Is f a prime number?
True
Let i = -29674 - -47052. Is i a prime number?
False
Is (-2 - 35/(-21)) + (-19614)/(-9) a prime number?
True
Suppose 26 = 3*d + 2*d + n, d - 3*n - 2 = 0. Suppose -o + 328 = 3*z - 423, 3*o + d*z = 2253. Is o prime?
True
Let r(t) = t**3 - 8*t**2 - 8*t - 11. Let q be r(9). Is q/(-8) - (-20952)/32 a composite number?
True
Let x(s) = 1769*s. Is x(1) prime?
False
Suppose 178*f - 174486 = 152*f. Is f composite?
True
Suppose 3*t - 3 = -0*t. Suppose r + 3*n = -9, -4*r - 4*n + t = 13. Suppose r = -3*j + 222 + 201. Is j a composite number?
True
Is ((-10299)/(-6))/(-11*(-3)/66) a prime number?
True
Suppose -5191 - 21357 = -4*t. Is t a prime number?
True
Let f(k) = 43696*k + 65. Is f(2) a prime number?
False
Suppose -21*t + 220 = -26*t. Let i = -9 - t. Is i a composite number?
True
Let x(i) = -6742*i - 327. Is x(-2) a composite number?
True
Let v be (-45)/60 + 747/4. Let b = 130 - v. Is (b/10)/(-4)*35 composite?
True
Suppose t + 9392 = 3*t. Let u = t + -2090. Is u/18 - 2/(-9) composite?
True
Suppose -42 = -5*i + 33. Let r(a) = -3*a**3 - 6 + 2*a**3 - 15*a**2 + 5*a + 2*a**3. Is r(i) prime?
False
Suppose -46*q - 56090 = -56*q. Is q composite?
True
Let d(p) = 10*p + p**3 - 2*p**2 + 52 - 11*p + 40 + 110. Is d(0) prime?
False
Let a = -2 - 2. Let u = a - -6. Is (-1988)/(-36) + u/(-9) composite?
True
Let w(i) be the first derivative of 4*i**6/15 - i**4/24 + i**3/3 - 1. Let s(t) be the third derivative of w(t). Is s(1) composite?
True
Let z(j) = 3*j**2 + 4*j**3 - 2*j**3 - 3*j**3 + 3*j + 4. Suppose -r + 7 = v + v, 3*v - 9 = -2*r. Is z(r) prime?
False
Let m(s) = s**3 + 4*s**2 - 5*s + 3. Let l be m(-5). Let v(h) = -6*h**2 - 4 + 3*h - 3*h**2 + 5*h**2 + 82*h**l - 22*h**3. Is v(3) a composite number?
True
Is (-1 + (-1 - -1) + 60)*1 a prime number?
True
Let c(d) = -19*d - 7 + 19*d - 87*d - 4. Is c(-4) prime?
True
Let t(c) = -119*c**2 + 4*c + 4. Let g be t(-5). Let z be 2/8 + g/(-4). Is (z - 0 - 3)*1 a prime number?
False
Let j(l) = l**3 + 5*l**2 + 5. Let s be j(-5). Suppose s*o + 5 = -3*h, 4 = -o - 0*o. Suppose 7*v - 38 = h*v. Is v prime?
True
Let t(s) = -97*s**3 + 14*s**2 - 32*s + 4. Is t(-9) prime?
True
Let r be (-7 + 8)*(2284 - 1). Let u = 3722 - r. Is u a prime number?
True
Suppose -3*i + 2*t = 3*t - 7, 5*i + 2*t - 12 = 0. Is i + 278*(-12)/(-8) composite?
False
Suppose -f - 4*x = 4, -4 = 4*x + 4. Suppose 10 = 5*r, 0*n - 4*n = -f*r - 5260. Is n composite?
True
Let y(n) = 64*n**2 + 3*n - 2. Let m(f) = -f**2 + 2*f - 3. Let x be m(2). Is y(x) a prime number?
False
Let b(l) = l**2 + 3*l - 2. Let g be b(-4). Let k be 13/g*(0 + 2). Suppose 5*q = k + 162. Is q composite?
True
Let m(f) = -5*f - 11. Let l(w) = w + 1. Let u(h) = 6*l(h) + m(h). Let j be u(7). Suppose -3*a + 757 = j*k - 6*k, 4*k = a - 255. Is a a composite number?
False
Suppose 4*q - 16 = d + 4*d, 0 = 4*q - 3*d - 16. Suppose -q*t = -4, 4*n - 2*n - 1 = -3*t. Is ((-746)/6)/(n/3) composite?
False
Suppose -4*v - 27834 = -2*p, 11*p - 27813 = 9*p - 3*v. Is p prime?
False
Let m = 56 + -53. Suppose -m*w = -w + 2*j - 640, -4*j = -12. Is w composite?
False
Let c(h) = 246*h - 1. Suppose 3*u + 5*q = 15, 2*u + q - 10 = 3*q. Is c(u) prime?
True
Suppose -4*l = -2*v + 2778, 3*v - 3*l = -l + 4167. Is v a prime number?
False
Is (-274)/(-8)*-29*-4 a prime number?
False
Suppose 5*a + d = -0*d - 45, -a - 18 = 2*d. Let x be 2/a - (-39)/12. Suppose -2*q = 5*g - 832, 4*q - 3*q = x*g + 405. Is q composite?
True
Let q(b) = -3*b**3 - 6*b**2 - b + 7. Let h = 17 + -22. Is q(h) composite?
True
Let y be (-4 - 130/(-4))/((-1)/2). Let h = y - -160. Is h prime?
True
